k - 4. Suppose -x = -0*x - 18. Suppose -4*c = -x + 2. Give h(c).
0
Let f = -3 - -37. Suppose -37*j = -f*j + 12. Let d(c) = -c**2 - 5*c + 3. Calculate d(j).
7
Let y be (3 - 48/20) + (-37)/(-5). Suppose 0 = w - y + 13. Let t(d) = -d**2 - 5*d - 7. Determine t(w).
-7
Let k(y) = -3 - 8*y - 2*y**2 + 4*y**2 + 13*y. Suppose 3*t + 32 = -5*w + 9, 17 = -5*w + 3*t. Determine k(w).
9
Let i(r) = -r**3 - r**2 + r + 7. Suppose 2*m = -m. Let u(y) = 2*y - 7*y + m*y**2 - y**2 + 3*y. Let q be u(-2). Give i(q).
7
Let c = -1046 - -1049. Let w(g) = -g**2 + 3*g - 1. Determine w(c).
-1
Suppose -5*y - 70*z = -75*z, z = 0. Let o(v) = 5*v**3 - 5*v**2 - 4*v + 14. Let q(f) = -4*f**3 + 4*f**2 + 3*f - 15. Let l(h) = 3*o(h) + 4*q(h). Determine l(y).
-18
Let o(b) = -25*b**2 - 31*b - 9. Let l(q) = -4*q**2 - 3*q. Let f(p) = 6*l(p) - o(p). Determine f(-11).
-13
Let a(s) = 55*s + 12. Let q(n) = -35*n - 8. Let z(u) = 5*a(u) + 8*q(u). Give z(3).
-19
Let a(n) = 3*n + 4 + 34 - 38. Calculate a(-3).
-9
Let u(c) = 3*c - 78*c**3 - 3 - 80*c**3 + 159*c**3 + 3*c**2. Determine u(-3).
-12
Let p(l) = -l. Suppose 7 = 8*j - 9. Suppose 2*n - 7 = 4*a - 3*n, 0 = 3*a - j*n. Give p(a).
-2
Let v(m) = m + 8. Suppose 5*i = d - 151 - 23, -5*i - 5*d = 180. Let j = i + 28. What is v(j)?
1
Suppose 4*a + 12 = 0, 2*l - l + 2*a + 9 = 0. Let p(o) = 10*o + 6. Let b(u) = 281*u - 140*u - 138*u + 2. Let k(w) = -7*b(w) + 2*p(w). Give k(l).
1
Let b(i) = -46*i + 19*i + 2 + 29*i. Suppose 0 = -k - 3*k - 3*l + 36, -2 = k - 2*l. Let a(q) = 5*q + 7. Let r(v) = k*a(v) - 21*b(v). Give r(-1).
12
Let b(j) = -j**2 + 4*j - 7. Let q(y) = y**3 + 2*y**2 + 6. Let u be q(0). Let m(f) = -f**2 + 5*f - 8. Let n(z) = u*b(z) - 5*m(z). Determine n(0).
-2
Let i(h) = -15*h**2 - 1. Let w(l) = -l**2 + 6*l + 28. Let q be (-630)/(-72) + 2/8. Let s be w(q). Determine i(s).
-16
Let j(t) be the first derivative of -t**2/2 + t + 10. Let x(h) = 3*h + 5. Let u(v) = 2*j(v) - x(v). Let y(f) = -2*f**2. Let r be y(1). Give u(r).
7
Let n = -162 + 168. Let l(s) = -3*s + 7*s - 6 - s. What is l(n)?
12
Let i = 134 - 135. Let q = 0 + i. Let k(u) = -u. Determine k(q).
1
Let q(s) = -250*s - 1510. Let o be q(-6). Let w(k) = 7 + 11*k**2 + k**3 - 4*k + 3*k + 12*k. What is w(o)?
-3
Let f(h) = 2 + 1 - 3 + h. Let g be f(-3). Let y(a) = -3*a**2 - 4*a + 1. Calculate y(g).
-14
Let g(l) = 2*l**3 - 2*l**2 + l - 2*l**2 - 1 - 3*l**3 + 0*l**3. Let a(h) = h**2 + 10*h - 14. Let z be (-54)/5 + (-8)/40. Let n be a(z). What is g(n)?
-13
Suppose 2*z = -2*p + 4, 3*p - z + 18 - 4 = 0. Let t be (3 - 2 - -4) + p. Let d(h) = -h - h - 1 + 17*h**2 - 12*h**t. Give d(-1).
6
Suppose 3*g = 29 - 131. Let t = g - -35. Let x(v) = -8*v**2 - 4*v + 1. Let n(d) = -16*d**2 - 9*d + 2. Let k(c) = -4*n(c) + 9*x(c). Calculate k(t).
-7
Let v(x) be the second derivative of x**7/2520 + x**6/90 + 7*x**5/120 + 13*x**4/12 - 9*x. Let c(y) be the third derivative of v(y). Calculate c(-8).
7
Let t(l) be the third derivative of 5*l**4/24 - 2*l**3/3 - 3669*l**2. Suppose 0 = 3*j - 2*v - 13, 4*j + 2*v = 3*v + 14. What is t(j)?
11
Suppose -4*s - 16 = -4. Let b(h) = 2*h**3 + 3*h**2 - 4*h + 1. What is b(s)?
-14
Let s(n) = -7*n**3 - 6*n**2 - 7*n - 2. Let u = 110 + -109. Let j(f) = -f**3 - f - 1. Let m(z) = u*s(z) - 6*j(z). Give m(-6).
10
Let p be (6 + (-66)/12)/(2/60). Suppose -y + 4*y - 6 = 0. Let a(u) = -p - u + y*u + 4. Give a(8).
-3
Let g = -1378 - -1379. Let r(j) = j**2 - 2*j + 1. Give r(g).
0
Let k = -211 - -205. Let y(l) = l**3 + 7*l**2 + 8*l. Determine y(k).
-12
Let t(w) = 9*w + 337. Let k be t(-37). Let d(h) = -h**3 + 5*h**2 - 7*h + 4. Give d(k).
-8
Let g = 2 + 1. Suppose 4*o = 9 + g. Let x(r) be the first derivative of 2*r**3/3 - 3*r**2/2 - 3*r + 12. Determine x(o).
6
Let o(d) be the first derivative of 0*d**2 + 13 + 1/4*d**4 + 1/3*d**3 - 8*d. Give o(0).
-8
Let o(c) = c**2 - 7*c + 1. Suppose 0 = 6*k - 20 - 4. Determine o(k).
-11
Let a(u) be the second derivative of u**3/3 + 5*u**2/2 - 22*u. Let t(o) = -1. Let w(g) = a(g) + 6*t(g). What is w(-1)?
-3
Let r be ((-18)/(-1 - -4))/(-2). Suppose -u + k = -r, -2*u + 11 = 2*u - 3*k. Let j(h) = h**2 - 3*h + 2. Determine j(u).
0
Let f(s) = s**3 - 13*s**2 - 6*s + 18. Let i(g) = g**3 - 17*g**2 - 4*g + 19. Let c(b) = -3*f(b) + 2*i(b). Determine c(6).
8
Let w(d) = -2*d - 5. Let o(s) = -s**3 + 7*s**2 + 3. Let t be o(7). Suppose -t*l + 5 = -4. Suppose z = -2*i + 8, -i = -l*i + 2*z + 8. Calculate w(i).
-13
Let m = -1359 - -1361. Let k(u) = -u**2 + u + 2. Give k(m).
0
Let c(l) be the first derivative of l**3/3 - 7*l**2/2 - 27*l + 598. What is c(8)?
-19
Let w(l) = 3*l + 61. Let x(q) = 9*q + 350. Let k be x(-41). What is w(k)?
4
Suppose -12 = -2*f + 6*f, 0 = 3*i + 3*f + 9. Let h(t) = t**2 - 2*t + 9. What is h(i)?
9
Let d(k) = k**2 - 2*k - 5. Let g be d(4). Let l(w) = w**2 + 2 + 0*w + g*w - w - w. Give l(-2).
4
Let k(p) be the first derivative of 4*p**3/3 - 2*p - 38. Calculate k(-2).
14
Let j(f) = 9*f**2 - f + 1. Let h(u) = 10*u**2 - u + 1. Let p(q) = -3*h(q) + 4*j(q). Suppose 247*r - 246*r - 1 = 0. What is p(r)?
6
Suppose 0 = -1923*t + 1921*t - 6. Let f(z) = -5*z - 11. What is f(t)?
4
Let q(r) = -r**2 - 2*r + 6. Suppose -4*b - 20 = 3*z, -5*b - 12*z + 8*z - 25 = 0. Determine q(b).
-9
Let w(y) = -14*y - 1. Let q be 6/72*8 + (-4)/6. Suppose 0 = s - 0 + 3, 3*k + s + 6 = q. What is w(k)?
13
Let n(z) be the second derivative of 1/6*z**3 - 7*z - z**2 + 0. Calculate n(4).
2
Let t(g) = -5*g**2 + g + 1. Let j(x) = -13 - x - 3*x - 2 - 3. Let u be j(-4). Give t(u).
-21
Let b(f) be the second derivative of f**5/60 + f**4/4 - f**2/2 - f. Let k(d) be the first derivative of b(d). Let g = 1580 - 1586. Calculate k(g).
0
Let t(o) be the second derivative of -3*o**5/2 - o**3/6 - 123*o. Calculate t(1).
-31
Suppose 0*z = -5*z - 15. Let j(p) = -18*p**3 - 17*p**2 - 13*p - 8. Let o(f) = -10*f**3 - 9*f**2 - 7*f - 4. Let m(a) = 4*j(a) - 7*o(a). Calculate m(z).
14
Suppose 0 = -31*w + 61 - 154. Let l(c) = 0*c**2 - 3*c + c**3 + 0*c**2 + c**2. What is l(w)?
-9
Let s(y) = -6*y - 12. Let p(w) = 3*w + 6. Let n(d) = 5*p(d) + 3*s(d). Give n(-5).
9
Let a(h) = 0*h + 0*h - 2*h + 3 - h**2. Suppose 19*v - 14*v + 25 = 0. Calculate a(v).
-12
Let p(d) = -d**3 - d**2 + d + 1. Suppose 3*n - 2*s + 1 = 23, 0 = -5*n + 5*s + 45. Suppose k = n*l, -l + 2*k = 3*l - 4. Give p(l).
0
Let i be (-2 - 10*-3)*5. Let p be i/(-77) - (-2)/(-11). Let j(q) be the third derivative of -q**5/60 + q**4/24 - q**3/6 + 6*q**2. Give j(p).
-7
Let x(k) = -k + 6. Suppose -7*c + 128 = c. Suppose c*b = 78 + 2. Determine x(b).
1
Let v(y) = -y**2 + 6*y - 6. Let u be v(6). Let g(b) = 2*b**2 - 8*b + 4. Let i(o) = 5*o**2 - 23*o + 13. Let h(q) = 8*g(q) - 3*i(q). Give h(u).
-1
Suppose 2*t = -y + t + 171, -2*y - t = -339. Let x(m) = -3 - y*m - 3*m**2 + 5 + 169*m + m**2. Determine x(3).
-13
Let f(r) = r**2 - 4*r + 5. Let o = 225 + -216. Determine f(o).
50
Let r(s) = -2*s**3 + 80*s**2 + 11*s. Let l(p) = p**3 - 46*p**2 - 6*p. Let u(v) = -7*l(v) - 4*r(v). Let o = -6 + 3. Give u(o).
-3
Suppose 75*m - 64*m = 0. Let f(b) be the first derivative of m*b**2 + 1/3*b**3 - 6 + 0*b - 1/4*b**4. Give f(2).
-4
Let h(v) = 2*v**3 + 5 - 4*v**2 + v**3 - 4*v**3. Let i be (-48)/(-8)*3*1/(-2). Let o = 5 + i. What is h(o)?
5
Let b = -925 + 922. Let f(a) = -a**3 - 3*a**2 - 5*a - 8. What is f(b)?
7
Let v(y) be the second derivative of y**6/360 - y**4/24 - 17*y**3/6 + 3*y**2/2 + 31*y. Let n(b) be the second derivative of v(b). What is n(-4)?
15
Let s be ((-15)/(-6) + -2)*0. Suppose s = -2*r + 4*r - 10. Let m be (-2 + r)/(6/8). Let y(l) = l - 9. What is y(m)?
-5
Suppose 5*u + 7 - 22 = 0. Let q(t) = 7*t + 3 + 0*t**u + 4 + 6*t**2 + t**3 + 0*t**3. What is q(-5)?
-3
Let z(m) = m**3 - 10*m**2 - 26*m + 17. Suppose -1131*u = -1143*u + 144. Calculate z(u).
-7
Let g(f) = -31*f**3 + 4*f**2 - 27*f - 76. Let q(y) = 11*y**3 - y**2 + 9*y + 26. Let t(l) = 6*g(l) + 17*q(l). What is t(-8)?
-6
Let w(m) be the third derivative of -m**6/120 - 7*m**5/60 + 7*m**4/24 + 2*m**3 + m**2 - 11*m. What is w(-8)?
20
Let x(b) be the first derivative of -3*b + 1/3*b**3 + 19 + 5/2*b**2. Calculate x(-4).
-7
Let t = 451 - 461. Let m(d) = -2*d - 3. Give m(t).
17
Let k(y) = y**2 - 10*y + 5. Suppose -f - 186 = -32*f. Give k(f).
-19
Let z(s) = -5*s**3 - 28*s**2 + 33*s + 38. Let n(t) = 2*t**3 + 14*t**2 - 14*t - 19. Let q(r) = 7*n(